 + l. Determine m(t).
-1
Suppose 0 + 16 = h + 3*p, 2*h - 2 = 4*p. Let g(v) = -3*v + 1. What is g(h)?
-20
Let j(s) = 3*s - 3. Let l be 0 - (4 - -1) - 4. Let i be 6/(-4) - (315/10)/l. Determine j(i).
3
Let b = 3 - -1. Suppose -b = 5*g - 4*g. Let d(x) = -6*x - 6*x**2 - x**3 - 90 + 172 - 86. Determine d(g).
-12
Let t = -984 + 1969/2. Let w(n) be the second derivative of 1/12*n**4 - 1/6*n**3 - t*n**2 + 0 - 1/20*n**5 - 13*n. Determine w(-2).
13
Suppose z + 4*f - 18 = 0, z + 3*f = 1 + 14. Let x(d) = -820*d**2 + 0 - 10*d + z + 819*d**2. Determine x(-9).
15
Let q(f) = -f**3 + 6*f**2 - 2*f. Suppose -2*o = -3*l + 222, -4*o + 5*l = -o + 335. Let h be 4*(o/(-4))/(-7). Let c be (h/6)/((-6)/12). Determine q(c).
15
Let s(t) = -2*t**2 - 3*t - 1. Let m(o) = 2*o - 11. Let k(a) = 3*a - 22. Let j(p) = 3*k(p) - 5*m(p). Let b be j(-9). Calculate s(b).
-3
Let q(y) = 9*y**2 - 24*y + 96. Let k(p) = 7*p**2 - 19*p + 72. Let d(i) = -13*k(i) + 10*q(i). Give d(10).
-6
Suppose -y - 2 = -2*y. Let x(g) = -2 - 15*g - g + 5*g + 12*g. Determine x(y).
0
Let j(h) = -h**3 + 4*h**2 + 4*h + 5. Let b = 573 - 568. Determine j(b).
0
Suppose n - 4*r = 21 + 3, -r = -2*n + 13. Let b be 10/n - 3/6. Let g(z) = 2*z + 2. What is g(b)?
6
Let j(s) = -s**2 - 5*s + 4. Let x be (-6)/((-12)/4)*1. Let i(n) = 6 + 2 - x*n - 6 - 3*n**2. Let c be i(-2). Determine j(c).
-2
Let d(g) = -5 + 5*g**2 - 4*g + 28*g**3 - 35*g**3 - 6 + 0. Let a(t) = t**3 - t**2 + t + 2. Let u(l) = 6*a(l) + d(l). Calculate u(-2).
1
Suppose 0 = 5*n - 2*j + 43 + 23, -42 = 3*n - 2*j. Let l be 2 + -3*4/n. Let p(f) = -f**l + 3*f**2 + 27 + 2*f - 29 + 2*f. What is p(4)?
-2
Let x(p) = -14*p - 130. Let l(q) = -30*q - 303. Let k(a) = -3*l(a) + 7*x(a). Let t = 1 + -3. Determine k(t).
15
Let a(l) = -l + 1. Let q be 9/(-6)*(-7 + 5). Let c be (-21)/(q - 0) - -4. Let j(v) = v. Let y(n) = c*a(n) - 7*j(n). Determine y(-2).
5
Let v(q) = -q**3 - q**2 - 11. Let h be 1/(-7) - 29/(-203). Determine v(h).
-11
Let r be (-1 + 0 + 6)/(-1). Let w(x) be the third derivative of -x**6/120 - x**5/10 - x**4/6 + x**3 + 6*x**2. Determine w(r).
1
Let j be -2 - (4 - 5)*4. Let h(i) = i + 2*i + j + 4 - i. Give h(-6).
-6
Let z(w) = -w - 7. Let t(f) = -2*f**2 - 34*f. Let c be t(-17). Suppose c = -8*n + n - 63. What is z(n)?
2
Let k(n) be the third derivative of -n**6/24 + n**5/30 - n**4/24 + 2*n**2 + 15. Let z(c) = 2*c**2 - 1. Let v be z(1). Determine k(v).
-4
Let y(o) = -3*o**3 + 2*o**2 - 2*o + 1. Let b(f) = -3*f. Let v be b(16). Let w = -47 - v. Determine y(w).
-2
Suppose 0 = -2*m + 5*m. Suppose m = -u - u. Let j(a) = 5 + u*a + 3*a - 4*a. Determine j(8).
-3
Let u(j) = -398*j - j**2 + 17 - 14 + 403*j. Let r = -4 - -8. Suppose 0 = r*m - 4*z - 32, 0*m + 28 = 3*m - 5*z. Give u(m).
-3
Let m(u) = 3*u - 2. Suppose 5*g - 3*o = -0*o + 45, 9 = 4*g + 3*o. Determine m(g).
16
Let u(z) be the first derivative of -6*z**3 + z + 11. Suppose 4*p - 3*p = -1. Calculate u(p).
-17
Suppose -22 = 2*j - 26. Let u(y) = 7*y + 6. Let g(p) be the second derivative of 7*p**3/6 + 5*p**2/2 + p. Let v(t) = j*u(t) - 3*g(t). What is v(-2)?
11
Suppose -2*g = 18 - 40. Let b(d) = d**3 - 11*d**2 + 2*d - 18. Let r be b(g). Let j(z) = -3*z. Calculate j(r).
-12
Let u(c) be the first derivative of 5*c**3/6 - 3*c**2/2 + 7*c + 8. Let y(x) be the first derivative of u(x). Calculate y(5).
22
Let t = -15 + 64. Let l(q) = -t*q**2 + 3*q + 3*q + 48*q**2. Calculate l(6).
0
Suppose -5*p = r, -29 = 5*r - 4*p - 0*p. Let a(y) be the third derivative of 0 + 0*y - 5/24*y**4 - 4*y**2 - 1/60*y**5 - 7/6*y**3. Determine a(r).
-7
Let h(i) = -10*i - 108. Let k be h(-10). Let t(v) = -v**2 - 8*v + 2. Determine t(k).
2
Let n(s) = -4 + 5 - 3 + s**2 + 2*s. Let p be n(-4). Let w(f) = -f**2 + 6*f + 7. Give w(p).
7
Let s(c) = -5*c**3 + c**2 - 17*c. Let n(f) = 11*f**3 - 3*f**2 + 39*f. Let m(r) = 4*n(r) + 9*s(r). Let k = -1 - -3. Suppose k*x + 1 = -7. Determine m(x).
4
Let q(g) be the third derivative of g**6/120 + 3*g**5/20 - g**4 - 11*g**3/3 + 269*g**2. Give q(-11).
0
Let j(f) be the first derivative of -f**4/4 + f**3/3 - f**2/2 + 14. Let u(s) = -5*s**3 - 2*s**2 + s + 3. Let k(x) = 6*j(x) - u(x). Give k(7).
-3
Let i(f) = -3*f + 93. Let h(p) = -18*p + 528. Let w(u) = 6*h(u) - 34*i(u). Determine w(-5).
36
Let l(h) = -142*h**3 + 312*h**3 - 163*h**3. What is l(1)?
7
Let o(z) = -z**2 + 9*z + 4. Let m(h) = h + 1. Let r be m(7). Determine o(r).
12
Suppose -s - 5 = -3*d + 6, -17 = -d + 3*s. Let k(c) = 8 - c**d - 4 - 23*c + 17*c. Let m(o) = -4*o**2 - 1. Let x be m(-1). Determine k(x).
9
Let r(g) = -g**3 - 7*g**2 + 8*g + 5. Let p(k) = 4*k**3 + 28*k**2 - 33*k - 19. Let z(a) = 2*p(a) + 9*r(a). Give z(-8).
23
Let x(a) = -14*a - 105. Let f be x(-7). Let b(n) = n**2 + 7*n - 6. Determine b(f).
-6
Let k(h) = 4*h + 25. Let m(x) = 2*x + 13. Let p(c) = 6*k(c) - 11*m(c). Determine p(4).
15
Let b(h) = -4*h**2 - 11*h**3 + 15*h**3 - 4*h + 5*h - 3*h**3 - 3. Let z = -7 - -8. Suppose -2*m = -3*q + 14, -2*q - z = -m - 10. What is b(q)?
1
Let x be -8*(-1 + 2)*-1. Let d be (5/(-2))/((-4)/x). Let k(r) = r - 1 + d + 0. Give k(-4).
0
Suppose 0 = -r - r. Let g(x) = -4*x - 5*x**2 + 7 - x**3 + r*x**2 - 6 - 4. Let w(c) = c - 9. Let t be w(6). Calculate g(t).
-9
Let q(j) = -j**2 + 9*j - 1. Let m = 195 + -188. What is q(m)?
13
Suppose 0 = -m - 0 + 1. Let s be -5 + 2/(-10) + (-24)/(-20). Let n(y) = -y. Let f(b) = 5*b - 1. Let u(p) = s*n(p) - f(p). What is u(m)?
0
Let s(n) = -n**2 - 11*n + 14. Let p be (13/(-1))/((-2)/(-2)). Calculate s(p).
-12
Suppose 0*f + 6 = 3*f. Let c(k) = 2 - 2 + 2*k**f + 0 - 1 - 3*k**3. Suppose i - 4 = 3*o + 10, 5*i - 15 = 4*o. Determine c(i).
4
Let a(l) = -2*l + 2. Let v be 4/(-6)*(0 - 60). Let z = v - 37. What is a(z)?
-4
Let m(h) = h**3 - 4. Let c be (-8)/6 + (-112)/(-84). Determine m(c).
-4
Let a be 6*(-1)/14 + (-34)/(-14). Let k(t) = -a*t + 13 + t - 8. Calculate k(4).
1
Let c = -3 - -5. Let v(m) be the second derivative of m**5/120 - m**4/6 + m**3/3 - m**2 + 37*m. Let s(f) be the second derivative of v(f). Give s(c).
-2
Let j(h) = -2*h**2 + 13*h - 4. Let u(n) = -n**2 + 6*n - 2. Let g(s) = 2*j(s) - 5*u(s). Suppose 7 = 4*a + v, -4*a + 2*v + 2*v = -32. Determine g(a).
-1
Let z(s) = s**2 - 4*s + 5. Suppose 0 = l - 0*l - 306. Let b be l/15 + (-4)/10. Suppose 6*a = a + b. Give z(a).
5
Suppose 3*f = -5*b + 6*f - 5, -5*b = 4*f + 5. Let c be (-4)/6 + 5/15*41. Let p(l) = -13*l**2 - 12 + 0*l - l + 24 - c. Calculate p(b).
-13
Suppose 33 = -148*z + 151*z. Let k(v) = 3*v - 36. What is k(z)?
-3
Let p be (-4)/14 + 60/14. Suppose -b = -4, 0 = -2*m - 2*m - 3*b - p. Let x(a) = -a**3 - 5*a**2 - 5*a - 3. What is x(m)?
1
Let s(p) = -3*p**3 + 35*p**2 - 10*p + 16. Let a(t) = -t**3 + 12*t**2 - 3*t + 5. Let c(h) = -7*a(h) + 2*s(h). Give c(14).
11
Let d(a) = -a**3 + 2*a**2 - a + 1. Let b = -4 - -61. Let y be (19/b)/((-1)/(-3)). Give d(y).
1
Let v = -14 + 8. Let f = v + 11. Let j(r) = r**3 + 11*r**2 + 7*r - 4. Let k(n) = -n**3 - 10*n**2 - 6*n + 3. Let w(b) = f*j(b) + 6*k(b). Determine w(-5).
3
Let f(x) = x**3 - 8*x**2 - 5. Let o be f(8). Let i(h) = 3*h**3 + 14*h**2 - 6*h + 1. Let d be i(o). Let r(m) = -m**3 + 6*m**2 - m + 8. What is r(d)?
2
Let m(o) be the second derivative of -o**3/6 - 12*o**2 - 146*o - 2. What is m(0)?
-24
Let g(k) be the third derivative of k**8/20160 + k**7/1008 - k**6/240 - 23*k**5/60 + 23*k**2. Let x(r) be the third derivative of g(r). Give x(-6).
3
Let m(q) be the first derivative of -6*q - 37 - 9/2*q**2 + 1/3*q**3. Calculate m(9).
-6
Let a be 2/3 - (-95)/15. Suppose 0 = z + 4 - a. Let p(d) = -z*d - 4 + 6*d - 2*d. Determine p(6).
2
Let r(x) = 0*x**2 - 3*x**2 + 4*x**2 - x + 0*x**2. Let d(p) = -p**2 - 3*p + 4. Let a be d(-3). Suppose 4*j - 8 = -a*h + 2*j, 6 = -2*h + 4*j. What is r(h)?
0
Let m(i) = i**2 + 5*i + 14. Let h be m(-5). Let k(o) = o**2 + 4*o - h*o + 9*o. What is k(1)?
0
Let q = -600 + 607. Let v(d) = -d + 5. Determine v(q).
-2
Suppose 12 = s - 0*s. Let v be (-3 + s/2)/1. Let d(c) = c + 6*c**2 - v + 1 + 2. Give d(1).
7
Suppose 0*m - 15 = -3*m + 3*a, -43 = -3*m - 4*a. Let b(n) = -2 - 28*n + 13*n + m*n - n**2. Determine b(-6).
-2
Suppose 2*f - 4*m = 20, -3 + 21 = 3*f - 2*m. Suppose 6 = f*r + 3*u - 66, 0 = -r + u + 11. Suppose 6*c - 9*c = -r. Let b(d) = d**2 - 8*d + 4. Calculate b(c).
-11
Let n(t) = -10*t + 10. Let h be n(1). Let b(k) = k**3 - k**2